ose 5*o = 2*y + 308, 0 = -4*o - n*o + 3*y + 252. What are the prime factors of o?
2, 3, 5
Suppose -8789 = 87*v - 70*v. Let j = v + 614. What are the prime factors of j?
97
Let m(j) = 559*j - 3464. List the prime factors of m(27).
29, 401
Let t = 8534 + -3129. List the prime factors of t.
5, 23, 47
Suppose 4*a = -l - 4, -2*l + 12 = 3*l + 4*a. Suppose l*r = 3*r + 27. What are the prime factors of -2 + 1152/r*6/4?
2, 31
Suppose -38*c + 33*c + 5515 = 0. Let j = c - 249. Suppose j = -8*r + 22*r. List the prime factors of r.
61
Suppose 4*u = -3*d + 77737, -403*u + 19428 = -402*u + 2*d. List the prime factors of u.
2, 9719
Let p(b) = -1761*b + 34. List the prime factors of p(-3).
13, 409
Let m = -5386 + 16641. List the prime factors of m.
5, 2251
Suppose 0 = -21*m + 18*m + 102. Let l be -22*3*51/m. Let d = l + 159. List the prime factors of d.
2, 3, 5
What are the prime factors of 1383 + (-7 - 16) + 8?
2, 3, 19
Suppose -3*h + 4*f = -31, 21 = 5*h - 5*f - 34. Let l(u) = 21*u + 6*u**2 + 360*u**3 + 13*u - 361*u**3 - 24 + 5*u**2. List the prime factors of l(h).
2, 5
Suppose 7*a - 4*u + 7706 = 9*a, 2*a - 7688 = 5*u. What are the prime factors of a?
3, 1283
Suppose -5621 = 4*s + a, -3*s - 4*a - 4218 = -a. What are the prime factors of s/(-4) - (-3)/4?
2, 11
List the prime factors of (1/9)/((-8)/(-72)) + 66293.
2, 3, 29, 127
Suppose 0 = 5654*u - 5635*u - 156465. List the prime factors of u.
3, 5, 61
Suppose 0*t + 24 = 2*t. Suppose -3*m - 1573 = -2*z, -t*z = -11*z + 5*m - 780. List the prime factors of z.
5, 157
Let w(b) = -2*b**2 + 1898*b - 8*b**2 - 1908*b - 5 + b**3. Let n be w(11). Suppose n*t - 303 = 159. What are the prime factors of t?
7, 11
Suppose 24362 - 4285 = 3*o - 4*q, 0 = q + 1. What are the prime factors of o?
6691
Suppose z + 13 + 24 = 0. Let y = -9 - z. Suppose 0 = 3*u - 2*v - 0*v - y, -5*u + v = -35. List the prime factors of u.
2, 3
Let z = 1919 + 1465. Suppose -2*c - 7*c + z = 0. List the prime factors of c.
2, 47
Suppose 0 = 3*q + 32 - 44. Suppose -k = -q*k + 5*h + 55, -5 = h. Suppose 3*g - k = 44. What are the prime factors of g?
2, 3
Let m(p) = -62*p**3 - 18*p**2 + 4*p + 18. Let g(z) = -21*z**3 - 6*z**2 + z + 6. Let i(j) = 11*g(j) - 4*m(j). List the prime factors of i(3).
2, 3, 41
Suppose 122396 + 18203 = 23*y. What are the prime factors of y?
6113
Let b = 6 + 0. Let o be (-14)/(-4) - (-1)/2. Suppose 78 = b*k - o*k. What are the prime factors of k?
3, 13
Suppose -15*g - 5*g = -102200. Let z = 1306 + -408. Suppose 0 = 18*t + z - g. List the prime factors of t.
2, 3, 13
Let n = -31 - -69. Let k(q) = -3*q**2 - 13*q. Let g be k(-4). List the prime factors of (n*4/8)/(2/g).
2, 19
Let z(r) = 30*r**3 - 6*r**2 - 14*r + 80. What are the prime factors of z(6)?
2, 5, 313
Let v be ((-1)/2)/((-3)/10668*2). Let u = -581 + v. List the prime factors of u.
2, 7, 11
Let l = 71 - 69. Let t(k) = k**3 + 5*k**2 + 3*k - 1. Let z be t(-2). Suppose -705 = -z*j - l*y + y, -3*j = 2*y - 423. What are the prime factors of j?
3, 47
What are the prime factors of (-4)/(20/(-685)) - (-3 + 7)?
7, 19
What are the prime factors of (-8 - 20797/21)*24/(-20)?
2, 599
Let v(s) = 24*s**2 + 448*s - 38. List the prime factors of v(-22).
2, 3, 7, 41
Suppose 4*f = -4*f + 9384. What are the prime factors of f?
3, 17, 23
Suppose -w = -4*d - 27 - 4, -3*w = 2*d - 23. Suppose 0 = -3*j - 2 + w. List the prime factors of (80/j)/(-8)*-3.
2, 5
Suppose 642*f + 38273 - 585197 = 621*f. List the prime factors of f.
2, 17, 383
Suppose 5*l - 6277 = -997. Let o(k) = k**2 + 10*k + 8. Let f be o(-9). List the prime factors of (l/60)/(f*2/(-20)).
2, 11
Let y be (7 - 12)/5 + 112. Suppose -4*t + 1031 - y = 0. What are the prime factors of t?
2, 5, 23
Let j be -22 - 9/(27/(-12)). Let c(n) = -n**2 + n + 20. Let d be c(0). Let r = j + d. List the prime factors of r.
2
Suppose -4*q = 4*j - 4, -33*q + 19 = -32*q - 5*j. Suppose -552 = -l + q*z, -45*l - 2226 = -49*l - 2*z. What are the prime factors of l?
2, 139
Let q be 4506/45 - (-16)/(-120). Let j = q + 53. What are the prime factors of j?
3, 17
Let y(j) = j - 5. Let i be y(6). Let l be (0 + -7)/(i/(-5)). Suppose 0 = -q - 4*t + l + 34, 5*q - 3*t - 299 = 0. List the prime factors of q.
61
Let v(i) = 9*i + 17. Let o = -74 + 19. Let h = o - -60. What are the prime factors of v(h)?
2, 31
Suppose 0 = t - 3*o - 138, -5*t - 8*o + 3*o + 610 = 0. Let j = t - -458. List the prime factors of j.
2, 73
Let z(w) = -138*w + 883. What are the prime factors of z(-30)?
5023
Suppose 1071763 + 382781 = 56*m. List the prime factors of m.
2, 3, 13, 37
Let i(r) = -r**3 + 16*r**2 + 15*r + 48. Let o be i(16). Suppose 0*w + 3*w = -j + o, -5*j - 4*w = -1407. List the prime factors of j.
3, 31
Let z = -19 - -22. Suppose -z*l - 53 = 49. What are the prime factors of 5700/102 + (-4)/l?
2, 7
Suppose 15*a - 2*a + 711016 = 74*a. List the prime factors of a.
2, 31, 47
Let m(s) be the third derivative of -3*s**5/8 + s**4/12 - 3*s**3/2 - 3*s**2. Let u(v) be the first derivative of m(v). What are the prime factors of u(-2)?
2, 23
Let b = 1254 - -647. Suppose 3*c + 2*c - g = 2400, 4*c - b = -3*g. What are the prime factors of c?
479
Let x = 168 + -157. Suppose -x*d + 1185 + 3468 = 0. What are the prime factors of d?
3, 47
Suppose 37*q + 5*v = 32*q + 9520, 3811 = 2*q - v. List the prime factors of q.
3, 5, 127
Let u(l) = l**2 - 54*l + 1057. What are the prime factors of u(37)?
2, 107
Let y(j) = -j**2 + 10*j - 8. Let l be (7/2)/((-10)/(-20)). What are the prime factors of y(l)?
13
Suppose 11*l = 4*l. Suppose -n - 2*n = -j + 68, l = -4*j - 5*n + 289. What are the prime factors of j?
71
Let f = 76 - 42. Let c = 110 - f. Let z = 76 + c. What are the prime factors of z?
2, 19
Let o(p) = -2*p**3 + 119*p**2 + 37*p - 144. List the prime factors of o(-18).
2, 3, 5, 61
Suppose -12220 - 16844 = -4*y. Suppose -7*f = 7*f - y. What are the prime factors of f?
3, 173
Let c = 25475 + -10483. List the prime factors of c.
2, 937
Let g(n) = -n**2 - 37*n + 7. Suppose -9*p = -8*p. Let z be (-6 + 7 + p)*27/(-1). List the prime factors of g(z).
277
Let g(v) = -v + 18. Let p be g(11). Suppose -2*i - h = -362, -5*h = p*i - 2*i - 895. Suppose 3*m - d = 4*d + i, 0 = d + 3. List the prime factors of m.
2, 7
Suppose c + 378 = 8*c. Let f = 56 - c. Let i(p) = 17*p**3 + 2*p + 4. What are the prime factors of i(f)?
2, 3
Let j = 4518 - -236. List the prime factors of j.
2, 2377
Suppose -2363 = 11*m - 10063. List the prime factors of m.
2, 5, 7
Suppose -5*f - 11*n + 9*n + 102 = 0, -3*f - n + 61 = 0. Suppose -5*r - f = 0, -2*r - r = 4*u - 5732. What are the prime factors of u?
2, 359
Suppose -11*i - 19 = -63. What are the prime factors of 623*((-2)/i)/((-17)/34)?
7, 89
Let o = 937 + -509. Suppose -4*y = 2*p - 826, -o = -2*y - 4*p - 18. What are the prime factors of y?
3, 23
Let t(d) = -8*d**3 + 193*d**2 - 47*d + 19. List the prime factors of t(21).
89, 113
Let w = -1 - -5. Suppose -7*z + 3*z + 612 = 4*l, 454 = 3*z + w*l. Let f = -89 + z. List the prime factors of f.
3, 23
Let b(t) = 14*t**2 + 4*t - 7. Let u = 8 + -1. Suppose -c = 5*k + u, 2*c - 3*k = -k + 10. List the prime factors of b(c).
131
Suppose s + 3*i = -21, 5*s - 4*i = -13 + 3. Let r = s - -126. Suppose 2*j = r - 22. What are the prime factors of j?
7
Suppose 367460 = 1294*c - 1218*c. List the prime factors of c.
5, 967
Suppose 0 = -c - 5, c + 2508 = 2*k - 6283. What are the prime factors of k?
23, 191
Let i(k) = -3*k**3 + 248*k**2 - 145*k + 5. List the prime factors of i(81).
5, 11, 383
Let y(o) be the third derivative of o**4/4 + 73*o**3/6 - 11*o**2. What are the prime factors of y(0)?
73
Let z = -8241 - -18667. What are the prime factors of z?
2, 13, 401
Suppose 2*k - 7 + 1 = 0. Suppose 6 = -k*p, d + 0*d = 4*p - 48. What are the prime factors of (3066/d)/(3/(-4))?
73
Let s be 9294/8 + -4 + (-1)/(-4). Suppose s = 4*u - u. List the prime factors of u.
2, 193
Suppose 1312185 + 482894 = 129*r - 510538. What are the prime factors of r?
61, 293
Let y(t) = -3208*t + 1274. What are the prime factors of y(-5)?
2, 11, 787
Suppose 16037 = -59*q + 265268 + 271680. List the prime factors of q.
3, 109
Let m(d) be the second derivative of d**4/6 - 17*d**3/3 - 23*d**2 - 68*d. List the prime factors of m(21).
2, 61
Suppose 2*p = f + 105841, 10*p = 7*p - 2*f + 158758. What are the